51 a composite number?
False
Is 132730519 composite?
False
Is 432529247 composite?
False
Is 68439817 a prime number?
False
Is 30106334 prime?
False
Is 65951 prime?
True
Is 28562623 composite?
False
Is 3622199 a composite number?
True
Is 302588789 a composite number?
False
Is 8967979 prime?
False
Is 132479329 a composite number?
False
Is 5899451 prime?
True
Is 12216493 composite?
False
Is 112061821 prime?
True
Is 400999 prime?
False
Is 3304621 prime?
False
Is 544676305 composite?
True
Is 220867769 a composite number?
False
Is 277571867 a composite number?
True
Is 21875307 a composite number?
True
Is 10413421 prime?
True
Is 44542493 a composite number?
False
Is 3519331 composite?
False
Is 40767679 composite?
True
Is 16843 composite?
False
Is 123292817 a prime number?
True
Is 231621763 prime?
True
Is 22237409 a prime number?
True
Is 2896763 prime?
True
Is 5192119 composite?
True
Is 64476187 a prime number?
False
Is 1341677 prime?
True
Is 9101117 a prime number?
True
Is 48540733 a prime number?
False
Is 157741631 prime?
True
Is 111584873 a composite number?
True
Is 1109323 a prime number?
False
Is 15414787 a prime number?
True
Is 1464493 composite?
False
Is 152245781 prime?
True
Is 450683605 a composite number?
True
Is 2028749 a prime number?
True
Is 32802841 composite?
False
Is 1627113 composite?
True
Is 473971 prime?
True
Is 149271151 a prime number?
True
Is 16429111 a prime number?
True
Is 156506183 composite?
False
Is 25275043 prime?
False
Is 62137213 prime?
False
Is 6579701 a prime number?
True
Is 155940223 a composite number?
True
Is 4417151 prime?
True
Is 5970113 composite?
True
Is 102694817 composite?
True
Is 1135597 a prime number?
True
Is 181007 a prime number?
False
Is 35578897 a composite number?
False
Is 6105809 prime?
True
Is 40030993 a composite number?
False
Is 70244329 a prime number?
True
Is 2076611 prime?
True
Is 32908181 a composite number?
True
Is 2932339 prime?
False
Is 4505381 a prime number?
True
Is 4101521 a composite number?
True
Is 17838031 prime?
True
Is 74240153 a prime number?
False
Is 67490173 a prime number?
False
Is 246578539 a composite number?
False
Is 19367177 composite?
True
Is 2810549 a composite number?
True
Is 26838433 composite?
True
Is 205179787 a prime number?
True
Is 22693901 a prime number?
False
Is 442355 composite?
True
Is 394793089 composite?
True
Is 1809393 a prime number?
False
Is 110506667 a prime number?
False
Is 36137 a prime number?
True
Is 182084761 a prime number?
False
Is 182699129 a prime number?
False
Is 8586961 prime?
False
Is 17242507 a prime number?
True
Is 2007227 a composite number?
False
Is 2485874 a composite number?
True
Is 124203367 a prime number?
True
Is 169663163 a composite number?
True
Is 214958057 composite?
True
Is 4655621 a composite number?
True
Is 131201 a composite number?
True
Is 27658189 prime?
False
Is 3660571 a prime number?
True
Is 351080339 a prime number?
True
Is 2830741 prime?
True
Is 132659 a prime number?
False
Is 27137029 a prime number?
False
Is 15167233 composite?
True
Is 2269217 prime?
True
Is 3776935 a prime number?
False
Is 8644373 a composite number?
True
Is 92760439 a composite number?
True
Is 9854527 a composite number?
False
Is 195587 a prime number?
False
Is 94976813 a composite number?
False
Is 15920173 composite?
False
Is 10580699 composite?
False
Is 311966197 a prime number?
True
Is 509930281 a prime number?
False
Is 5527699 prime?
False
Is 425101 a prime number?
True
Is 3149299 prime?
False
Is 1696139 a composite number?
True
Is 10805435 prime?
False
Is 184577073 prime?
False
Is 740741433 a composite number?
True
Is 98080433 a prime number?
False
Is 479428309 composite?
False
Is 47041861 prime?
False
Is 182747 composite?
False
Is 4175621 a prime number?
False
Is 7350653 composite?
False
Is 1003679 prime?
True
Is 1785089 prime?
False
Is 7782041 prime?
False
Is 41039381 a prime number?
False
Is 34951687 composite?
False
Is 7923634 composite?
True
Is 211405 a composite number?
True
Is 31325093 a composite number?
False
Is 670771 prime?
False
Is 24057619 composite?
True
Is 6708781 prime?
True
Is 4929523 a prime number?
True
Is 26624089 prime?
True
Is 355603579 prime?
True
Is 5214269 a prime number?
True
Is 3839023 composite?
False
Is 219405811 a composite number?
True
Is 208217773 composite?
False
Is 2999053 a composite number?
True
Is 82803647 prime?
True
Is 327329 composite?
True
Is 447478129 composite?
True
Is 1309297 prime?
False
Is 4715899 prime?
True
Is 22954949 a prime number?
True
Is 19670401 composite?
False
Is 34018019 composite?
True
Is 5276701 a prime number?
True
Is 480749 a composite number?
False
Is 21994589 a prime number?
True
Is 475037 a prime number?
True
Is 13588951 prime?
False
Is 41299693 a prime number?
True
Is 1191163 composite?
False
Is 58410771 prime?
False
Is 32198783 prime?
True
Is 1391353 prime?
True
Is 1186033 a composite number?
False
Is 6822481 a prime number?
True
Is 14495167 a prime number?
False
Is 202543 composite?
True
Is 52253339 prime?
True
Is 4225415 composite?
True
Is 27363019 a prime number?
True
Is 112177891 a composite number?
True
Is 2950201 prime?
False
Is 13920007 prime?
False
Is 8210959 prime?
False
Is 800587 prime?
True
Is 14912551 a composite number?
False
Is 15779471 a composite number?
False
Is 6534109 a prime number?
True
Is 3152977 a prime number?
True
Is 530320181 composite?
False
Is 25237699 a prime number?
False
Is 114720577 a composite number?
False
Is 11102431 composite?
True
Is 27143849 composite?
True
Is 26945839 composite?
True
Is 255759181 prime?
True
Is 515863 a composite number?
True
Is 40979506 a prime number?
False
Is 127288939 a composite number?
True
Is 382567 a prime number?
True
Is 58072921 a prime number?
True
Is 268189 composite?
False
Is 34844189 prime?
True
Is 104264605 a prime number?
False
Is 4196119 a composite number?
False
Is 24216457 prime?
True
Is 7226587 a composite number?
False
Is 68231563 composite?
False
Is 9392777 composite?
False
Is 17933809 a prime number?
True
Is 279280447 a composite number?
True
Is 20742833 prime?
True
Is 80246707 prime?
True
Is 8716355 composite?
True
Is 41706295 a composite number?
True
Is 161797 composite?
True
Is 21868831 a prime number?
True
Is 83623 a prime number?
False
Is 2392561 a composite number?
False
Is 627726419 a prime number?
False
Is 490406141 composite?
False
Is 85979087 a composite number?
False
Is 3588379 composite?
False
Is 7343527 a prime number?
True
Is 424943 composite?
True
Is 479717 composite?
True
Is 40710389 prime?
True
Is 60585061 a prime number?
True
Is 387840121 a prime number?
True
Is 2995873 a composite number?
False
Is 358406 composite?
True
Is 95177 composite?
False
Is 47005789 prime?
True
Is 10043321 prime?
True
Is 6827723 prime?
False
Is 3017429 composite?
True
Is 33039229 a prime number?
False
Is 42570071 composite?
True
Is 556007 a composite number?
False
Is 8396699 composite?
False
Is 3249473 prime?
False
Is 3421529 composite?
True
Is 21619553 a prime number?
True
Is 15909 a prime number?
False
Is 149650199 a prime number?
True
Is 372764081 prime?
False
Is 454281539 a prime number?
True
Is 9304667 a prime number?
False
Is 38184959 composite?
True
Is 10038697 composite?
False
Is 296299 prime?
True
Is 2257291 composite?
False
Is 2249971 a prime number?
False
Is 15299015 a prime number?
False
Is 409043 a composite number?
False
Is 7564463 prime?
False
Is 56033387 composite?
True
Is 3327673 composite?
False
Is 3023051 a composite number?
True
Is 66517559 a prime number?
True
Is 14704019 a prime number?
False
Is 265444689 prime?
False
Is 9868589 a prime number?
False
Is 19259599 composite?
False
Is 1448947 composite?
False
Is 105611617 a composite number?
False
Is 217862143 a prime number?
True
Is 40433867 composite?
False
Is 2145071 a composite number?
True
Is 76268797 a composite number?
True
Is 3230873 a composite number?
False
Is 631913 a prime number?
True
Is 237383 prime?
False
Is 17630219 prime?
False
Is 10863737 a composite number?
False
Is 31651337 a composite number?
True
Is 374888141 prime?
False
Is 32810717 composite?
False
Is 188267234 prime?
False
Is 11528173 prime?
True
Is 128368567 composite?
False
Is 799217 a composite number?
False
Is 20595503 a prime number?
True
Is 192457699 a prime